{"version":"1.0","provider_name":"FOLGOS","provider_url":"https:\/\/folgos.pl\/pl","author_name":"ozelichowska","author_url":"https:\/\/folgos.pl\/pl\/author\/mjedryczkowska\/","title":"Zapraszamy na Targi Agrotechnica 2023 &#8212; FOLGOS","type":"rich","width":600,"height":338,"html":"<blockquote class=\"wp-embedded-content\" data-secret=\"4A8kLjhtEe\"><a href=\"https:\/\/folgos.pl\/pl\/2023\/11\/07\/zapraszamy-na-targi-agrotechnica-2023\/\">Zapraszamy na Targi Agrotechnica 2023<\/a><\/blockquote><iframe sandbox=\"allow-scripts\" security=\"restricted\" src=\"https:\/\/folgos.pl\/pl\/2023\/11\/07\/zapraszamy-na-targi-agrotechnica-2023\/embed\/#?secret=4A8kLjhtEe\" width=\"600\" height=\"338\" title=\"&#8222;Zapraszamy na Targi Agrotechnica 2023&#8221; &#8212; FOLGOS\" data-secret=\"4A8kLjhtEe\" frameborder=\"0\" marginwidth=\"0\" marginheight=\"0\" scrolling=\"no\" class=\"wp-embedded-content\"><\/iframe><script type=\"text\/javascript\">\n\/* <![CDATA[ *\/\n\/*! This file is auto-generated *\/\n!function(d,l){\"use strict\";l.querySelector&&d.addEventListener&&\"undefined\"!=typeof URL&&(d.wp=d.wp||{},d.wp.receiveEmbedMessage||(d.wp.receiveEmbedMessage=function(e){var t=e.data;if((t||t.secret||t.message||t.value)&&!\/[^a-zA-Z0-9]\/.test(t.secret)){for(var s,r,n,a=l.querySelectorAll('iframe[data-secret=\"'+t.secret+'\"]'),o=l.querySelectorAll('blockquote[data-secret=\"'+t.secret+'\"]'),c=new RegExp(\"^https?:$\",\"i\"),i=0;i<o.length;i++)o[i].style.display=\"none\";for(i=0;i<a.length;i++)s=a[i],e.source===s.contentWindow&&(s.removeAttribute(\"style\"),\"height\"===t.message?(1e3<(r=parseInt(t.value,10))?r=1e3:~~r<200&&(r=200),s.height=r):\"link\"===t.message&&(r=new URL(s.getAttribute(\"src\")),n=new URL(t.value),c.test(n.protocol))&&n.host===r.host&&l.activeElement===s&&(d.top.location.href=t.value))}},d.addEventListener(\"message\",d.wp.receiveEmbedMessage,!1),l.addEventListener(\"DOMContentLoaded\",function(){for(var e,t,s=l.querySelectorAll(\"iframe.wp-embedded-content\"),r=0;r<s.length;r++)(t=(e=s[r]).getAttribute(\"data-secret\"))||(t=Math.random().toString(36).substring(2,12),e.src+=\"#?secret=\"+t,e.setAttribute(\"data-secret\",t)),e.contentWindow.postMessage({message:\"ready\",secret:t},\"*\")},!1)))}(window,document);\n\/\/# sourceURL=https:\/\/folgos.pl\/pl\/wp-includes\/js\/wp-embed.min.js\n\/* ]]> *\/\n<\/script>\n","thumbnail_url":"https:\/\/folgos.pl\/pl\/wp-content\/uploads\/2023\/11\/Targi_Folgos-1.jpg","thumbnail_width":1500,"thumbnail_height":1000,"description":"W dniach 12-18.11 firma FOLGOS b\u0119dzie mia\u0142a przyjemno\u015b\u0107 uczestniczy\u0107 w Targach Agritechnica 2023. Tematem przewodnim wydarzenia b\u0119d\u0105 nowe technologie i innowacje w bran\u017cy rolniczej, kt\u00f3re przyczyni\u0105 si\u0119 do rozwoju globalnego przemys\u0142u, przy jednoczesnej trosce o \u015brodowisko oraz zr\u00f3wnowa\u017cone wykorzystanie zasob\u00f3w naturalnych. Spotkaj\u0105 nas Pa\u0144stwo na Hali 27 (miejsce C38), gdzie zaprezentujemy nasz\u0105 ekologiczn\u0105 foli\u0119, pochodz\u0105c\u0105 [&hellip;]"}

W dniach 12-18.11 firma FOLGOS będzie miała przyjemność uczestniczyć w Targach Agritechnica 2023. Tematem przewodnim wydarzenia będą nowe technologie i innowacje w branży rolniczej, które przyczynią się do rozwoju globalnego przemysłu, przy jednoczesnej trosce o środowisko oraz zrównoważone wykorzystanie zasobów naturalnych. Spotkają nas Państwo na Hali 27 (miejsce C38), gdzie zaprezentujemy naszą ekologiczną folię, pochodzącą [&hellip;]
